factors of d.
2, 3
Let c(h) = h + 1. Let a be 2/(-5) - 7/(-5). Let o be c(a). Suppose -g + o = 2*l - 12, l + 2*g = 13. List the prime factors of l.
5
Let h be 3/(6/(-32)) - 0. Suppose -2 = -6*r + 8*r. List the prime factors of (-3 - 0) + (r - h).
2, 3
Let w = -304 - -673. What are the prime factors of w?
3, 41
Let q(g) = -g**3 + g**2 + g. Let h be q(-2). Suppose -3*d + 1 = 2*y, h = -3*y - 2. Suppose d*p - 52 = -1. What are the prime factors of p?
17
Suppose -3*v + 4*a + 1007 = 0, 4*v - v - 1009 = 2*a. What are the prime factors of v?
337
Let h(b) = b**2 + 4*b - 4. Let q = 10 + -18. List the prime factors of h(q).
2, 7
Suppose 0*m = -5*m - 110. Let n = 32 + m. What are the prime factors of n?
2, 5
Let g = -23 - -44. Let s = g - 10. List the prime factors of s.
11
Let b = -4 - -6. Suppose -b*v + 2*t + 112 = -0*v, -4*v - 5*t = -179. What are the prime factors of v?
3, 17
Suppose -w + 68 = -4*y, -2*y = -2*w - y + 101. What are the prime factors of w?
2, 3
Suppose 91*x + 276 = 94*x. What are the prime factors of x?
2, 23
Let z(m) = m**3 + m**2 + 1. Let i(c) = 2*c**3 - 2*c**2 + 7*c + 12. Let j(o) = -i(o) + 3*z(o). Let t be j(-6). What are the prime factors of -2*((-26)/4 + t)?
19
Let c(f) = f**3 - 6*f**2 - 5*f + 12. List the prime factors of c(8).
2, 5
Let g(z) = 2*z**2 + 6 + 1 - 6*z - z**2. What are the prime factors of g(5)?
2
Suppose 2*l - 4 = m, 2*l - 2 + 4 = 4*m. Let q(o) = 4*o + 0 - 1 - o. What are the prime factors of q(l)?
2
Let y = -9 - -7. Let o = 4 - y. List the prime factors of o.
2, 3
Suppose -g + 0*g = 3. Let v be g*2/(-3)*-1. Let t(s) = -2*s**3 - s**2. List the prime factors of t(v).
2, 3
Let w = 0 + 38. What are the prime factors of w?
2, 19
Let q(g) = -g**2 + 7*g. Suppose 3*k = 2*m + 22, 3*k = m - 3*m + 2. What are the prime factors of q(k)?
2, 3
Let o = 557 + -358. What are the prime factors of o?
199
Suppose 3*k - 100 = k. Let c be (1 - 1 - 0) + k. Suppose m - 4 = -0*b - 2*b, 5*b = 5*m - c. What are the prime factors of m?
2
Suppose -9 = -4*g + 3. Let j = 3 - g. List the prime factors of 6/4*(j - -2).
3
Suppose -4*l = -99 - 257. What are the prime factors of l?
89
Let p(a) = 4*a + 11. Let c(o) = -5*o - 10. Let r(w) = 5*c(w) + 6*p(w). What are the prime factors of r(11)?
5
Let j(o) = 2*o**2 - 8*o + 15. List the prime factors of j(6).
3, 13
Let l be (1 + -60 + -3)/(-2). List the prime factors of (-8)/(-32) + l/4.
2
What are the prime factors of 5/15 + 0 + (-47)/(-3)?
2
Let r = 217 + -94. What are the prime factors of r?
3, 41
Let u be 0/(2 - (-20)/(-4)). Suppose h + 3 = 5*q + 20, 4*h - 3*q - 51 = u. What are the prime factors of h?
2, 3
Let x(c) = -3*c + 10 + 2*c + 2*c. Suppose -10*i = -9*i + 7. List the prime factors of x(i).
3
Let a(q) = 17*q. What are the prime factors of a(1)?
17
List the prime factors of ((-32)/(-6))/(-4 - 292/(-72)).
2, 3
Let l be (-3 - -4)*-1 + 3. Suppose 6 = -l*o + 40. List the prime factors of o.
17
Suppose -5*t - 14 = -34. Let q be (1*2 - -1)*1. Suppose 16 = -2*n + 6*n + t*m, -q*n - 2*m = -17. List the prime factors of n.
3
Let z(g) = g - 4. Let c(q) = -q**2 + 5*q + 3. Let m be c(4). List the prime factors of z(m).
3
Let w(k) = k + 23. Let v be (-189)/11 - (-10)/55. List the prime factors of w(v).
2, 3
Let f(o) = -50*o - 30. What are the prime factors of f(-5)?
2, 5, 11
Let m = -2 - -5. Suppose 5*t + 0 = m*b - 19, 5*b - 36 = 4*t. What are the prime factors of b?
2
Let d = 38 + 42. List the prime factors of d.
2, 5
Let w(m) = m**2 + 5*m - 8. What are the prime factors of w(-8)?
2
What are the prime factors of 4*(26 - ((-3)/4)/1)?
107
Suppose -80 = -b - 4*g, -4*b + 0*b + 299 = -5*g. List the prime factors of b.
2, 19
Let x = 89 + -64. Suppose q + 2*q - 45 = 0. Suppose 0*y = -3*y + 2*u + q, -5*y - 5*u = -x. List the prime factors of y.
5
Suppose -20 = -2*v - 3*p, -2*v - 4*p + 5 = -v. Let a = v - 22. Let l = a - -25. List the prime factors of l.
2
Let p = 6 - 8. Let v(y) = -5*y**3 - y**2 - y. Let q be v(p). Suppose -5*x - 5*a = -a - q, 0 = -2*x - 5*a + 22. List the prime factors of x.
2, 3
Let p = 62 - 6. Suppose 4*a - 2*w - w = 75, -2*w = -3*a + p. What are the prime factors of a?
2, 3
Suppose -2*z - 55 = 3*z. Let l = 15 + z. Suppose 24 = 4*i - 4*u, -l*i - u - 3*u = -56. What are the prime factors of i?
2, 5
Suppose 5*x = 4*x - 2, -2*n - 5*x = 0. Suppose -5*d - 90 = -5*r, -4*d - d = n*r - 80. List the prime factors of r.
17
Suppose -14 - 130 = -2*h + 5*s, 2*h = 4*s + 146. Suppose 3*o = -8 + h. List the prime factors of o.
23
Let l = 8 - 13. Let c = l - -2. List the prime factors of (2 + 5/c)*6.
2
Let o(h) = 5*h - 5. Let y be o(-5). List the prime factors of (y/21)/((-4)/28).
2, 5
Let o = -118 + 221. List the prime factors of o.
103
Let v = -206 + 305. Let t = -52 + v. Suppose 63 + t = 5*m. List the prime factors of m.
2, 11
Let y(a) = -a**3 - 14*a**2 - a - 9. Let b(p) = -2*p - 6. Let z be b(4). List the prime factors of y(z).
5
Let p = 8 + 24. List the prime factors of p.
2
Let a = -7 + 14. What are the prime factors of a?
7
Suppose -7*m = -3*i - 2*m - 14, 5*m - 20 = 0. Suppose -4*o = -3*g - 0*o - 17, -i*g - 18 = -o. List the prime factors of g*((0 - 1) + 0).
11
Let w(j) = 5*j**3 + 2*j**2 - 6*j - 4. What are the prime factors of w(3)?
131
Let t be (-4)/1 + (8 - 4). Suppose 29 = -t*o + o. What are the prime factors of o?
29
Suppose -42 = -2*p - p. List the prime factors of p.
2, 7
Suppose l = 2*l - 12. Let b(s) = -s**2 + 7*s + 4. Let m be b(7). Let z = l - m. What are the prime factors of z?
2
Let s be 21/(-2) + 27/(-18). Let j = 21 + s. List the prime factors of j.
3
Suppose 4*a = 4, n + n - a = 449. List the prime factors of (-6)/(-33) - n/(-33).
7
Let d(i) = -i**3 - 6*i**2 - 8*i - 4. Let l be 155/(-15) + (-1)/(-3). Let v be l*3*3/18. What are the prime factors of d(v)?
11
List the prime factors of 8/(-12)*(5 + -26).
2, 7
Suppose 5*t - 103 = 62. Suppose -t = g - 4*g. Suppose -g = -3*s + 2*s. What are the prime factors of s?
11
Let d be (-7)/21 + (-62)/(-6). Suppose n = d + 17. What are the prime factors of n?
3
List the prime factors of -496*(-3)/30 - (-2)/5.
2, 5
Let m(n) = n**3 - 12*n**2 + 13*n - 13. Let t be m(11). Suppose p - t = -2*p. What are the prime factors of p?
3
Suppose 0*q + 4*i = -5*q + 1020, -2*i - 842 = -4*q. What are the prime factors of q?
2, 13
Let g = -4 + 6. Let s = 3 + g. List the prime factors of (-4)/10*-8*s.
2
Let y(o) = 39*o - 3. Let k be y(2). Suppose 5*l + 5*x - k = 0, 0 = 5*l + 3*x + 22 - 107. List the prime factors of l.
2, 5
Let u = 84 - 48. Let n be (-5)/25 - u/(-5). Let m = n - -4. What are the prime factors of m?
11
Suppose 2*w + 0 = -4*v + 34, -v - 2*w = -13. Suppose n + 2 + 2 = 0, -5*b = 2*n - v. List the prime factors of b.
3
Suppose 3*z = 5*y + 70, -4*z - 3*y - 2*y + 140 = 0. List the prime factors of z.
2, 3, 5
Let g = 230 + -118. List the prime factors of g.
2, 7
Let a(s) = -8*s**2 + 3*s + 8. Let n(t) = 12*t**2 - 5*t - 12. Let o(x) = 7*a(x) + 5*n(x). What are the prime factors of o(-2)?
2, 5
Let c = 20 + -10. List the prime factors of 4/(8/c) + 3.
2
Suppose 54*o - 314 = 52*o. What are the prime factors of o?
157
Let u(l) = 10*l**2 - 2*l - 13. List the prime factors of u(-3).
83
Suppose -5*h - 376 = -3*a - 0*h, -h - 473 = -4*a. List the prime factors of a.
3, 13
Suppose 5*w + 90 = -5*r - 0*r, -24 = 2*w + 5*r. Let f = w + 38. What are the prime factors of f?
2
Let t be (-2)/(1*6/(-9)). Suppose -2*g + 18 = f, 4*g - t = 17. What are the prime factors of f?
2
Suppose -r - 9*r = -480. List the prime factors of r.
2, 3
Let a(i) be the second derivative of -2*i**2 - i + 0 - 2/3*i**3. What are the prime factors of a(-3)?
2
Suppose -2*k + k - n = -38, -k = -5*n - 26. List the prime factors of k.
2, 3
Let l(a) be the second derivative of a**4/12 + a**3/6 - a**2 + 2*a. What are the prime factors of l(-6)?
2, 7
Suppose 0 = n - 5*s - 122 - 38, 3*n - 4*s - 524 = 0. List the prime factors of n.
2, 3, 5
What are the prime factors of (-5)/((-125)/1865) + 2/5?
3, 5
Suppose -5*z + h = 4*h - 43, -3*h = -z + 5. Let x(t) = -t**2 + 12*t - 10. List the prime factors of x(z).
2, 11
Suppose -3*m - d + 3*d + 35 = 0, 0 = -4*m - 4*d + 20. Let a = 12 - m. What are the prime factors of a?
3
Suppose m + 75 = 4*m. What are the prime factors of m?
5
Let s(f) = -3*f - 8 - 5*f**3 + 4*f**3 + 4 - 4*f**